 r be 4/16 - 87/(-4). What is the highest common factor of r and a?
22
Let f be 5*(-104)/(-40) + -6. Calculate the greatest common factor of 1 and f.
1
Let q = -50 - -83. Let w(g) = g**2 + 30*g + 128. Let i be w(-25). What is the greatest common divisor of q and i?
3
Let d be 320943/238 + ((-1)/(-2) - 0). Calculate the highest common factor of 19 and d.
19
Suppose u + v - 43 = 0, v - 140 = -4*u + 17. Let q = u + -23. Suppose -2*g + q = -5*a - 1, 4*g + 5*a = 62. Calculate the greatest common divisor of 13 and g.
13
Let m = 132 + -113. Calculate the greatest common divisor of 779 and m.
19
Suppose t - 5*t - 24 = 0. Let x be (-37)/(-3) - (-2)/t. Calculate the highest common divisor of x and 108.
12
Let h be 1*2/(-1) + 1. Let b be (-5*(-9)/(-135))/(1/(-51)). Let y = h + b. What is the greatest common divisor of y and 16?
16
Let n(w) be the first derivative of w**2 - 8*w + 6. Let o be 153/21 - (-4)/(-14). Let u be n(o). Calculate the highest common divisor of u and 6.
6
Let z(l) = 7*l**2 - 3*l + 2. Let r be z(1). Let f(a) = 2*a**2 + 2*a. Let m be f(-3). What is the greatest common factor of r and m?
6
Suppose 0 = -118*d + 111*d + 42. Let g(p) = -p**3 + p**2 + 2. Let q be g(0). What is the greatest common divisor of d and q?
2
Let n = 15 - 15. Let h be (10 + 2)/3 + n. Suppose 532 = h*g + 132. What is the highest common factor of 10 and g?
10
Let p(m) = 24*m**2 - 5*m**2 - 3 - 5*m**2 + 25*m**2. Let t be p(-2). What is the greatest common factor of 9 and t?
9
Suppose -3*v = -28 + 16. Suppose -z + 325 = v*z. Suppose 44 = 2*y - 4*f, -56 = -5*y + 3*y - 2*f. Calculate the highest common factor of z and y.
13
Let m = 22 - 12. Suppose -3*g = -3*p + 18, p + m - 36 = 5*g. What is the highest common divisor of 8 and p?
1
Let x(a) = 3*a**2 - a + 2. Let c be x(-2). Let i(o) = 8*o**2 - 2*o - 4. Let w = 18 - 20. Let t be i(w). Calculate the greatest common divisor of t and c.
16
Let j be 160/(-3)*(-504)/(-147)*-7. Calculate the highest common divisor of j and 8.
8
Let z(g) = 3*g**2 - 69*g + 141. Let d be z(2). Let c = 13 + 47. What is the highest common factor of c and d?
15
Suppose 2*f - f - 2*l = 52, 5*f + 2*l - 272 = 0. Let u = f - 267. Let z = -150 - u. What is the greatest common factor of z and 7?
7
Let n = -20 + 23. Suppose -y + n + 1 = 0. What is the highest common divisor of y and 44?
4
Suppose 2*d = 4*h - 0*d + 12, 2*d + 3 = -h. Let c be (-70)/(-105) - (25/h - 1). Let o be (-90)/(-4)*(-1 - -5). What is the greatest common divisor of o and c?
10
Suppose 3*f + 9 = 0, 3*q - 18 = 5*f - f. Suppose 5*d + 0*d + q*j = 212, -128 = -3*d - j. Calculate the highest common divisor of 4 and d.
4
Let y be (3/6)/(1/4). Suppose 169 = -5*c - y*s, c + 2*c + 89 = 5*s. Let h be c/(-9)*(-2 - -17). What is the greatest common factor of h and 22?
11
Suppose 4*c = 3*h - 4*h + 467, 0 = -h - 3*c + 469. Let r = h + -288. Calculate the greatest common divisor of r and 17.
17
Let o = -2924 + 2954. Calculate the highest common divisor of 318 and o.
6
Let j be (-38 + 0)*(-12)/8. Suppose 55*a - j*a = -18. What is the highest common divisor of 1 and a?
1
Suppose 5*x = 2*x + 4*w + 82, 5*x + 4*w = 126. Suppose -2031 - 1401 = -12*k. Calculate the greatest common factor of k and x.
26
Let n(g) = -g**3 + g + 4. Let b be n(-3). Let c = 13 - b. Let v be -6 + 2 - (c + 2). What is the highest common divisor of v and 36?
9
Let r = -20 + 30. Let u(a) = -4*a**2 - a - 2. Let q be u(5). Let p = q - -187. Calculate the highest common divisor of r and p.
10
Let f be (-3305)/(-20) + (-5)/20. Calculate the highest common factor of f and 110.
55
Let z(n) = -6 - 5*n - 2*n + 2*n + 4*n. Let j be z(-8). Suppose 0 = -j*t + 4*t - 4*i - 62, -70 = -2*t + 2*i. What is the greatest common divisor of 13 and t?
13
Let f(d) = d**3 + 11*d**2 + 4*d - 6. Let h be f(-10). Calculate the highest common divisor of 6 and h.
6
Let y(f) = 17*f + 2. Let a be y(3). Let i be (-2)/(-6) + a/3. What is the greatest common divisor of i and 9?
9
Let c = -375 + 390. What is the greatest common divisor of 1665 and c?
15
Suppose 70*o - 3*s - 58 = 65*o, -2 = o - 4*s. What is the greatest common factor of o and 847?
7
Suppose 2*p = -2*r + 100, 0 = 3*p - 0*p - 4*r - 122. What is the highest common factor of 2 and p?
2
Let n(l) = 36*l - 6. Let h be n(6). Suppose -5*f - 3*j = 284 - 509, 141 = 3*f + 3*j. What is the greatest common divisor of h and f?
42
Let y = -345 + 462. Calculate the highest common factor of 6 and y.
3
Suppose -4*z + 1 = d - 5*z, 0 = -2*d - 5*z + 23. Suppose t - d*t - 42 = 0. Let b be 4*t/8*-1. Calculate the greatest common divisor of b and 7.
7
Suppose 16 = -4*l + 2*l - 4*i, -64 = 5*l + 4*i. Let w be l/72 + (-1046)/(-9). Suppose -w = -y - 36. Calculate the highest common divisor of 16 and y.
16
Let x = -2 + 5. Let u(c) = -4 - x + 4 + c**3 - 2 - 6*c - 2*c**2. Let k be u(5). Calculate the highest common divisor of 8 and k.
8
Let n be ((9 + -1)/(-1))/1. Let i be ((-148)/n - 2)*6. Calculate the highest common divisor of 66 and i.
33
Let h(w) = -16*w + 131. Let b be h(8). Let t(y) = y**2 - 2*y - 3. Let a be t(-3). What is the greatest common factor of b and a?
3
Suppose -4*u = 84 - 244. What is the highest common divisor of u and 280?
40
Let i be (-45752)/(-215) - 3/(-15). Calculate the highest common divisor of 497 and i.
71
Suppose 26*w - 2*s + 22 = 28*w, 4*w - 4*s - 52 = 0. Calculate the greatest common factor of w and 108.
12
Suppose -2*q - 48 = 4*q. Let s be (-279 - -3)*q/16. What is the highest common factor of 23 and s?
23
Suppose -8*l + 9 = -7. Suppose 0 = -2*a + 2 + 6, l*a = 4*j - 88. Calculate the highest common divisor of j and 36.
12
Suppose -14 = 2*s - 134. Let w be (-4)/(-12) - (-52)/6. Let b be w/(-2)*(-20)/6. What is the greatest common factor of b and s?
15
Let s(j) = 2*j**2 + j. Let z be s(-4). Suppose -65 - 2 = 4*v + 5*r, -v + 3*r = 4. Let a = 1 - v. Calculate the greatest common factor of a and z.
14
Suppose 2*g - 36 = t, 4*g - 5*t - 26 - 58 = 0. Let i(k) = -k**3 - 3*k**2 - 4*k - 4. Let v be i(-6). What is the highest common divisor of g and v?
16
Let l = -56 + 86. Let a(h) = -1 + 10*h - 4*h + 12*h - 2*h. Let j be a(1). Calculate the greatest common factor of l and j.
15
Suppose -a = -5*v - 107, -5*a - 103 = 3*v + v. Let r be 58/3 - v/33. What is the highest common divisor of r and 50?
10
Let x(p) = p + 1. Let m(q) = 4*q**2 + 1. Let i be m(-1). Let a be x(i). Suppose a*f = 2*f + 96. Calculate the highest common factor of 12 and f.
12
Suppose -4*j = -0*j - 4*t - 48, 3*t = 9. Calculate the greatest common factor of j and 21.
3
Suppose -3*l - 2*w = -197, -l + 4*w = -w - 60. Suppose -8*k = -3*k + l. Let j = k - -14. Calculate the highest common factor of 5 and j.
1
Let j(r) = r**3 + 4*r**2 + 2*r + 2. Let v be j(-2). Suppose -8*f + 7 = -25. What is the greatest common divisor of f and v?
2
Suppose -3*a + a = -5*q + 66, 2*q = 3*a + 33. Calculate the greatest common factor of 396 and q.
12
Let d = 36 - 40. Let i be ((-6)/d)/(3/18). What is the greatest common factor of 99 and i?
9
Let y = 128 - -313. Calculate the greatest common divisor of 42 and y.
21
Let m = 56 - -18. Calculate the highest common divisor of m and 222.
74
Let g = 194 + -146. Let o be (-3 + g)/(5/5). Let z be (2/4)/((-1)/(-36)). Calculate the greatest common divisor of o and z.
9
Let g be ((-12)/16)/((-57)/12236). What is the highest common factor of g and 92?
23
Let a(w) = -3*w**2 + w + 76. Let l be a(0). What is the highest common factor of 76 and l?
76
Suppose -k + 5*m + 26 = 4*m, -4*k + 2*m = -100. Suppose 34*l + 58 = r + 37*l, 0 = 8*r + 5*l - 350. Calculate the greatest common divisor of r and k.
8
Suppose 0 = -10*c - 56 + 206. Calculate the greatest common divisor of 3 and c.
3
Suppose 9*l - 4*l - r = 141, r + 112 = 4*l. Calculate the highest common factor of 29 and l.
29
Suppose 0 = -5*y + 6*y - 25. Calculate the highest common factor of y and 100.
25
Suppose 0 = -10*j + 5017 - 837. What is the greatest common divisor of j and 38?
38
Let d be (-2)/(-8) + (-138)/8. Let k = d - -19. Suppose 2*y + 2 = -k, 86 = 2*u + 5*y. Calculate the greatest common factor of 72 and u.
24
Suppose 0 = -2*c + 3*b - 778, 3*c = -b + 106 - 1284. Let x = -176 - c. Calculate the highest common divisor of x and 24.
24
Let m be (60/50)/((-3)/(-30)*4). Let r be (-12